tors of 3138725.
5, 223, 563
What are the prime factors of 1156508?
2, 289127
What are the prime factors of 3908626?
2, 1954313
What are the prime factors of 2637105?
3, 5, 19, 487
List the prime factors of 185452.
2, 71, 653
What are the prime factors of 343152?
2, 3, 2383
What are the prime factors of 784602?
2, 3, 7, 13, 479
What are the prime factors of 2771608?
2, 7, 43, 1151
List the prime factors of 1256278.
2, 628139
What are the prime factors of 540882?
2, 3, 151, 199
What are the prime factors of 263932?
2, 65983
What are the prime factors of 5155708?
2, 239, 5393
List the prime factors of 9795263.
23, 131, 3251
List the prime factors of 676899.
3, 75211
List the prime factors of 124226.
2, 179, 347
What are the prime factors of 1002694?
2, 7, 11, 17, 383
What are the prime factors of 7622725?
5, 11, 53, 523
List the prime factors of 998571.
3, 7, 6793
What are the prime factors of 3065198?
2, 509, 3011
List the prime factors of 11878343.
11878343
What are the prime factors of 1435308?
2, 3, 7, 2441
List the prime factors of 28467.
3, 3163
List the prime factors of 9476248.
2, 41, 167, 173
What are the prime factors of 18123740?
2, 5, 906187
What are the prime factors of 7691718?
2, 3, 17, 73, 1033
List the prime factors of 12330599.
23, 653, 821
List the prime factors of 1106981.
151, 7331
List the prime factors of 120271.
43, 2797
What are the prime factors of 3999?
3, 31, 43
List the prime factors of 1837015.
5, 19, 61, 317
List the prime factors of 895708.
2, 11, 20357
List the prime factors of 250140.
2, 3, 5, 11, 379
List the prime factors of 166339.
181, 919
What are the prime factors of 307363?
7, 19, 2311
What are the prime factors of 31072195?
5, 7, 11, 23, 29
What are the prime factors of 138884?
2, 34721
List the prime factors of 203485.
5, 40697
List the prime factors of 197121.
3, 65707
What are the prime factors of 843303?
3, 401, 701
What are the prime factors of 5019004?
2, 1254751
What are the prime factors of 569687?
17, 23, 31, 47
List the prime factors of 249058.
2, 124529
What are the prime factors of 3816728?
2, 477091
What are the prime factors of 74145?
3, 5, 4943
What are the prime factors of 738450?
2, 3, 5, 547
List the prime factors of 2183818.
2, 7, 13, 71
List the prime factors of 396856.
2, 113, 439
List the prime factors of 4246022.
2, 11, 17, 11353
List the prime factors of 213667.
43, 4969
What are the prime factors of 10157026?
2, 11, 31, 53, 281
List the prime factors of 763157.
763157
List the prime factors of 347454.
2, 3, 97, 199
What are the prime factors of 343648?
2, 10739
What are the prime factors of 421233?
3, 140411
List the prime factors of 5463706.
2, 2731853
List the prime factors of 10136994.
2, 3, 7, 19, 12703
List the prime factors of 63944.
2, 7993
List the prime factors of 195119.
41, 4759
List the prime factors of 308792.
2, 11, 29
What are the prime factors of 2301176?
2, 313, 919
List the prime factors of 91805.
5, 7, 43, 61
What are the prime factors of 1640566?
2, 683, 1201
List the prime factors of 1145944.
2, 143243
List the prime factors of 6410921.
11, 17, 34283
List the prime factors of 14651509.
14651509
List the prime factors of 440047.
440047
What are the prime factors of 440697?
3, 71, 2069
What are the prime factors of 919665?
3, 5, 107, 191
What are the prime factors of 2853418?
2, 829, 1721
What are the prime factors of 128237?
128237
List the prime factors of 5978590.
2, 5, 597859
What are the prime factors of 631340?
2, 5, 31567
What are the prime factors of 298982?
2, 149491
List the prime factors of 5126079.
3, 7, 23, 10613
What are the prime factors of 115367?
7, 16481
What are the prime factors of 8937212?
2, 2234303
List the prime factors of 883312.
2, 55207
List the prime factors of 90982.
2, 45491
List the prime factors of 102444.
2, 3, 8537
What are the prime factors of 1834213?
179, 10247
List the prime factors of 5047361.
11, 127, 3613
What are the prime factors of 9440190?
2, 3, 5, 104891
What are the prime factors of 659309?
7, 97, 971
What are the prime factors of 73508?
2, 17, 23, 47
List the prime factors of 400635.
3, 5, 29, 307
What are the prime factors of 7157377?
7157377
List the prime factors of 2096575.
5, 13, 6451
What are the prime factors of 884342?
2, 442171
What are the prime factors of 205560?
2, 3, 5, 571
What are the prime factors of 873267?
3, 291089
What are the prime factors of 3573486?
2, 3, 7, 79, 359
What are the prime factors of 106157?
83, 1279
List the prime factors of 222218.
2, 111109
List the prime factors of 33086.
2, 71, 233
List the prime factors of 1522490.
2, 5, 152249
List the prime factors of 753715.
5, 150743
What are the prime factors of 3823484?
2, 7, 19, 7187
What are the prime factors of 301724?
2, 75431
List the prime factors of 663040.
2, 5, 7, 37
List the prime factors of 8158.
2, 4079
List the prime factors of 824843.
824843
What are the prime factors of 34323?
3, 17, 673
List the prime factors of 39406.
2, 17, 19, 61
List the prime factors of 12237383.
431, 28393
What are the prime factors of 5357705?
5, 1071541
What are the prime factors of 4873598?
2, 1249, 1951
List the prime factors of 88095.
3, 5, 7, 839
List the prime factors of 773891.
17, 45523
What are the prime factors of 1595070?
2, 3, 5, 37, 479
List the prime factors of 93065.
5, 7, 2659
List the prime factors of 16135742.
2, 7, 23, 50111
List the prime factors of 6820769.
6820769
What are the prime factors of 15502?
2, 23, 337
List the prime factors of 5614065.
3, 5, 73, 1709
What are the prime factors of 364508?
2, 91127
What are the prime factors of 2396196?
2, 3, 11, 2017
What are the prime factors of 707472?
2, 3, 17
What are the prime factors of 6679408?
2, 157, 2659
List the prime factors of 66474.
2, 3, 1231
What are the prime factors of 831184?
2, 51949
What are the prime factors of 1872741?
3, 13, 31, 1549
List the prime factors of 52816.
2, 3301
List the prime factors of 16545550.
2, 5, 7, 41, 1153
List the prime factors of 544330.
2, 5, 29, 1877
List the prime factors of 1715184.
2, 3, 43, 277
List the prime factors of 175776.
2, 3, 1831
List the prime factors of 3013351.
11, 273941
What are the prime factors of 494378?
2, 41, 6029
What are the prime factors of 279956?
2, 17, 23, 179
List the prime factors of 755833.
13, 53, 1097
List the prime factors of 1655972.
2, 37, 67, 167
What are the prime factors of 99044?
2, 11, 2251
List the prime factors of 7524177.
3, 137, 18307
What are the prime factors of 1976881?
269, 7349
What are the prime factors of 50140?
2, 5, 23, 109
List the prime factors of 9285185.
5, 7, 13, 20407
What are the prime factors of 1194894?
2, 3, 66383
List the prime factors of 14334293.
1493, 9601
List the prime factors of 240857.
107, 2251
List the prime factors of 4424575.
5, 176983
List the prime factors of 581548.
2, 11, 13217
What are the prime factors of 446775?
3, 5, 7, 23, 37
List the prime factors of 888170.
2, 5, 88817
What are the prime factors of 4783104?
2, 3, 173
List the prime factors of 6193391.
61, 101531
List the prime factors of 13727273.
7, 1961039
List the prime factors of 12156778.
2, 6078389
What are the prime factors of 776549?
19, 23, 1777
List the prime factors of 7152876.
2, 3, 431, 461
What are the prime factors of 6338058?
2, 3, 19, 53, 1049
What are the prime factors of 5905946?
2, 241, 12253
What are the prime factors of 75252?
2, 3, 6271
List the prime factors of 322683.
3, 29, 3709
List the prime factors of 1821413.
11, 15053
What are the prime factors of 1070576?
2, 13, 5147
List the prime factors of 774938.
2, 29, 31, 431
What are the prime factors of 10522453?
239, 44027
List the prime factors of 277629.
3, 11, 47, 179
List the prime factors of 267717.
3, 233, 383
What are the prime factors of 19296413?
223, 86531
What are the prime factors of 4251016?
2, 7, 11, 67, 103
What are the prime factors of 7111181?
7, 11, 92353
List the prime factors of 1064939.
1064939
List the prime factors of 164422.
2, 229, 359
What are the prime factors of 12298399?
23, 199, 2687
What are the prime factors of 771531?
3, 257177
What are the prime factors of 500671?
500671
What are the prime factors of 2270484?
2, 3, 21023
What are the prime factors of 76350?
2, 3, 5, 509
What are the pr